mmon factor of 25 and 200?
25
What is the highest common divisor of 820 and 130?
10
What is the highest common factor of 423 and 54?
9
What is the highest common factor of 3915 and 75?
15
Calculate the greatest common divisor of 52 and 3302.
26
What is the highest common factor of 1085 and 35?
35
Calculate the greatest common factor of 23 and 1012.
23
What is the highest common divisor of 12 and 3372?
12
Calculate the highest common divisor of 243 and 36.
9
Calculate the greatest common factor of 144 and 192.
48
What is the highest common divisor of 2 and 178?
2
What is the highest common divisor of 240 and 300?
60
What is the highest common divisor of 2088 and 48?
24
What is the highest common factor of 122 and 34038?
122
Calculate the greatest common divisor of 2279 and 583.
53
Calculate the highest common divisor of 11 and 13970.
11
Calculate the greatest common factor of 79 and 17933.
79
What is the highest common divisor of 106 and 1537?
53
Calculate the greatest common divisor of 488 and 16.
8
Calculate the greatest common divisor of 54256 and 16.
16
What is the highest common factor of 148 and 259?
37
Calculate the greatest common divisor of 689 and 13.
13
What is the highest common divisor of 522 and 330?
6
What is the highest common factor of 1521 and 9?
9
What is the greatest common factor of 175 and 7?
7
Calculate the greatest common factor of 80 and 140.
20
What is the highest common factor of 54 and 306?
18
Calculate the greatest common factor of 91 and 105.
7
What is the highest common factor of 52 and 39?
13
Calculate the highest common factor of 133 and 209.
19
What is the highest common factor of 4667 and 13?
13
What is the highest common divisor of 16024 and 4?
4
Calculate the highest common divisor of 55 and 45.
5
Calculate the highest common divisor of 18 and 1278.
18
Calculate the greatest common divisor of 68 and 68.
68
Calculate the greatest common factor of 36 and 1026.
18
Calculate the highest common factor of 160 and 64.
32
Calculate the highest common divisor of 4535 and 20.
5
Calculate the greatest common divisor of 171 and 1425.
57
What is the greatest common divisor of 30 and 40?
10
Calculate the greatest common divisor of 204 and 24.
12
Calculate the greatest common divisor of 18426 and 444.
222
What is the highest common divisor of 13712 and 32?
16
What is the highest common factor of 552 and 216?
24
Calculate the highest common factor of 52 and 22399.
13
What is the highest common factor of 51 and 6?
3
Calculate the greatest common divisor of 67 and 1943.
67
What is the highest common factor of 50 and 115?
5
Calculate the greatest common factor of 510 and 78.
6
What is the highest common factor of 6 and 20166?
6
What is the highest common factor of 107 and 3103?
107
What is the highest common factor of 31 and 155?
31
What is the highest common divisor of 873 and 9?
9
What is the greatest common factor of 2 and 295?
1
Calculate the greatest common divisor of 432 and 189.
27
What is the highest common divisor of 702 and 78?
78
Calculate the highest common factor of 1118 and 774.
86
Calculate the greatest common factor of 360 and 2070.
90
What is the greatest common factor of 32 and 24?
8
Calculate the highest common factor of 312 and 72.
24
Calculate the highest common factor of 35 and 15.
5
Calculate the highest common divisor of 144 and 27.
9
What is the highest common divisor of 262 and 2489?
131
Calculate the greatest common divisor of 2 and 9.
1
What is the highest common divisor of 935 and 1105?
85
Calculate the highest common divisor of 162 and 114.
6
What is the highest common factor of 6956 and 564?
188
What is the highest common factor of 554 and 48?
2
Calculate the greatest common factor of 120 and 192.
24
Calculate the greatest common factor of 126 and 336.
42
Calculate the greatest common factor of 22 and 583.
11
Calculate the greatest common divisor of 63 and 2289.
21
What is the greatest common divisor of 87 and 18?
3
What is the greatest common factor of 273 and 1456?
91
Calculate the greatest common divisor of 20 and 8.
4
Calculate the greatest common divisor of 38964 and 408.
204
What is the greatest common factor of 213 and 3?
3
Calculate the greatest common divisor of 25 and 2025.
25
What is the highest common divisor of 112 and 70?
14
What is the highest common divisor of 41 and 39073?
41
Calculate the highest common factor of 1008 and 96.
48
What is the highest common factor of 11814 and 1432?
358
Calculate the highest common divisor of 196 and 49.
49
Calculate the highest common factor of 17515 and 155.
155
Calculate the greatest common factor of 94 and 47.
47
What is the greatest common divisor of 165 and 55?
55
What is the highest common divisor of 650 and 26?
26
What is the greatest common factor of 450 and 486?
18
Calculate the highest common divisor of 400 and 350.
50
What is the highest common factor of 70 and 35?
35
Calculate the greatest common divisor of 20 and 26.
2
What is the highest common factor of 40 and 112?
8
Calculate the highest common factor of 34 and 3723.
17
What is the highest common factor of 213 and 2059?
71
What is the greatest common divisor of 292 and 657?
73
What is the highest common factor of 25 and 55?
5
Calculate the highest common factor of 171 and 594.
9
Calculate the highest common factor of 1872 and 1584.
144
Calculate the highest common factor of 33380 and 20.
20
Calculate the highest common divisor of 51 and 816.
51
Calculate the highest common factor of 46 and 782.
46
What is the highest common factor of 15 and 555?
15
What is the highest common divisor of 39 and 6942?
39
What is the highest common divisor of 1 and 10?
1
What is the highest common factor of 31780 and 140?
140
What is the greatest common factor of 242 and 363?
121
Calculate the highest common factor of 2336 and 96.
32
What is the greatest common factor of 870 and 75?
15
Calculate the greatest common factor of 64 and 6816.
32
Calculate the greatest common factor of 16 and 5824.
16
Calculate the highest common divisor of 14 and 1568.
14
What is the greatest common divisor of 80 and 2144?
16
What is the greatest common factor of 21992 and 16?
8
Calculate the greatest common factor of 20 and 190.
10
What is the greatest common divisor of 165 and 220?
55
Calculate the highest common divisor of 172 and 1075.
43
Calculate the greatest common divisor of 1287 and 99.
99
What is the greatest common divisor of 5409 and 18?
9
Calculate the highest common factor of 49 and 133.
7
What is the highest common factor of 30 and 390?
30
What is the greatest common divisor of 40 and 290?
10
Calculate the highest common divisor of 45 and 120.
15
Calculate the highest common divisor of 174 and 261.
87
What is the highest common divisor of 222 and 296?
74
What is the highest common factor of 24 and 348?
12
What is the highest common divisor of 216 and 36?
36
Calculate the greatest common factor of 128 and 16.
16
Calculate the highest common factor of 110 and 10.
10
Calculate the greatest common factor of 55715 and 55.
55
What is the highest common divisor of 266 and 16625?
133
Calculate the greatest common divisor of 16 and 200.
8
What is the greatest common factor of 3 and 11?
1
What is the greatest common factor of 70 and 406?
14
Calculate the greatest common divisor of 181 and 5792.
181
Calculate the greatest common factor of 2432 and 760.
152
Calculate the greatest common factor of 2365 and 115.
5
What is the greatest common divisor of 195 and 435?
15
What is the highest common factor of 156 and 572?
52
What is the greatest common factor of 486 and 3078?
162
Calculate the greatest common divisor of 3679 and 13.
13
Calculate the greatest common factor of 19789 and 77.
77
Calculate the greatest common divisor of 45 and 90.
45
Calculate the greatest common factor of 7037 and 31.
31
Calculate the greatest common divisor of 48 and 4344.
24
What is the greatest common divisor of 70 and 770?
70
What is the highest common factor of 60 and 1788?
12
Calculate the highest common factor of 323 and 1054.
17
What is the greatest common factor of 224 and 21?
7
Calculate the highest common divisor of 6019 and 26.
13
Calculate the greatest common divisor of 144 and 324.
36
What is the greatest common factor of 9 and 